, what is -301 + -10?
-311
In base 5, what is 100 + 14?
114
In base 6, what is 113 + -103?
10
In base 12, what is -1 - -465?
464
In base 9, what is 4 - 5273?
-5268
In base 15, what is -3 + bc?
b9
In base 5, what is -1434 - 230?
-2214
In base 15, what is 30 + -5?
2a
In base 6, what is -1504 + 4?
-1500
In base 11, what is 1 + -a7?
-a6
In base 10, what is -4555 + -4?
-4559
In base 12, what is 0 - 35?
-35
In base 9, what is -335 + 43?
-282
In base 7, what is -16 - 0?
-16
In base 5, what is -1021 - -3?
-1013
In base 10, what is 1680 + -2?
1678
In base 4, what is 101 + 20?
121
In base 11, what is -64 - -6?
-59
In base 16, what is -1 + -1b39?
-1b3a
In base 11, what is 160 - -5?
165
In base 11, what is 16 - 206?
-1a0
In base 3, what is 120 + -12?
101
In base 11, what is -8 - -104?
a7
In base 12, what is -167 + 27?
-140
In base 15, what is 17 + -1?
16
In base 6, what is -110 + -44?
-154
In base 3, what is -12 + 1121?
1102
In base 9, what is 18 - -11?
30
In base 4, what is 12132 - -10?
12202
In base 6, what is 4 - -11035?
11043
In base 14, what is d05 + -5?
d00
In base 16, what is 1 - -9e?
9f
In base 5, what is 120 + 40?
210
In base 9, what is -3 - -103?
100
In base 13, what is -17 - a?
-24
In base 5, what is -1023102 - 0?
-1023102
In base 10, what is -1 + -237?
-238
In base 7, what is 1 - -165?
166
In base 16, what is -8 + -3?
-b
In base 8, what is -3 + 72?
67
In base 16, what is 6a - -18?
82
In base 2, what is 11100 + 1011011?
1110111
In base 8, what is 16 - 242?
-224
In base 13, what is -2 - -18?
16
In base 10, what is -4 + -1?
-5
In base 11, what is 47 + -40?
7
In base 8, what is -113 - 2?
-115
In base 9, what is 253 - 7?
245
In base 12, what is 2 - 8a4?
-8a2
In base 3, what is 2 + 120?
122
In base 12, what is 8 - -52?
5a
In base 2, what is 101001 - 10?
100111
In base 13, what is -15 + 2?
-13
In base 12, what is 945 + -4?
941
In base 2, what is -11101 + -11001010?
-11100111
In base 11, what is -13 - -75?
62
In base 4, what is 0 - 2321?
-2321
In base 4, what is -1230 - -213?
-1011
In base 15, what is -4 + 10?
b
In base 2, what is 100110100 - 0?
100110100
In base 9, what is 2 - 16?
-14
In base 5, what is 10343 - -4?
10402
In base 9, what is 3 + 31?
34
In base 13, what is -1 - -5c9?
5c8
In base 9, what is 222 - -4?
226
In base 6, what is -1550 + -2?
-1552
In base 6, what is 1143 - -5?
1152
In base 2, what is -111011 - 100?
-111111
In base 12, what is 1 - 1b9?
-1b8
In base 9, what is -2 - -2764?
2762
In base 10, what is 4 + -24?
-20
In base 12, what is -5 + -37?
-40
In base 8, what is 5 + -303?
-276
In base 10, what is -437 - 22?
-459
In base 14, what is 0 + 5ca?
5ca
In base 8, what is 331 + 112?
443
In base 5, what is -22 + 1331?
1304
In base 15, what is -1 + -246?
-247
In base 6, what is -10 - -3?
-3
In base 8, what is -7 + 16?
7
In base 6, what is 111 - 1?
110
In base 3, what is -100 - 2?
-102
In base 13, what is -8 - -51?
46
In base 9, what is 43 - 4?
38
In base 2, what is 1 + 100100?
100101
In base 11, what is -58 + -5?
-62
In base 15, what is -21 + 26e?
24d
In base 9, what is -3 - -36?
33
In base 14, what is -180 + 5?
-179
In base 8, what is 2 - 220?
-216
In base 12, what is -22 + -14?
-36
In base 10, what is -5 + 25?
20
In base 4, what is 10 - -2?
12
In base 5, what is -12 + 21?
4
In base 10, what is -14 - 16?
-30
In base 4, what is 1 + 310?
311
In base 7, what is -16 + 22?
3
In base 13, what is -4 - -3a2?
39b
In base 5, what is 110 - -22?
132
In base 10, what is 578 - -3?
581
In base 10, what is 2080 + -5?
2075
In base 5, what is -31303 - 2?
-31310
In base 3, what is 12 + -11220?
-11201
In base 8, what is 15 + 132?
147
In base 2, what is -100100 + 100001?
-11
In base 13, what is 33 + -27?
9
In base 4, what is -1321 - -10?
-1311
In base 16, what is 15 - 39?
-24
In base 4, what is -3 + -1121210?
-1121213
In base 2, what is -110 + 10101001?
10100011
In base 11, what is 3 - 8a?
-87
In base 6, what is 3403 + -4?
3355
In base 13, what is -119 - 97?
-1b3
In base 15, what is 2 + -28?
-26
In base 16, what is -5f + 13?
-4c
In base 6, what is 1 - 115?
-114
In base 2, what is 1 + -100011000?
-100010111
In base 11, what is -55 + 12a?
85
In base 13, what is 135 + -2?
133
In base 5, what is -3432 + 14?
-3413
In base 12, what is -11969 - -2?
-11967
In base 4, what is 1 - -3302?
3303
In base 4, what is -102301 + -21?
-102322
In base 7, what is -242 + -4?
-246
In base 5, what is -31 - -4?
-22
In base 13, what is 1bb + -3?
1b8
In base 7, what is -15 + -1501?
-1516
In base 16, what is 6 - 1?
5
In base 6, what is 2101 - 20?
2041
In base 12, what is -5 + -61?
-66
In base 12, what is 3 - b?
-8
In base 15, what is -371 + 1?
-370
In base 7, what is -6540 + 4?
-6533
In base 5, what is -4 - 320?
-324
In base 13, what is -39 + 3?
-36
In base 8, what is -3 + -16?
-21
In base 6, what is -42 - -22?
-20
In base 9, what is -3 - 4548?
-4552
In base 4, what is 2322 - -2?
2330
In base 10, what is 1 + 69?
70
In base 11, what is 161 + -7?
155
In base 13, what is -132 + 0?
-132
In base 16, what is 2 + -42?
-40
In base 9, what is -145 + -11?
-156
In base 7, what is -343 + -35?
-411
In base 12, what is -2734 + 4?
-2730
In base 14, what is -c + -132?
-140
In base 13, what is -4404 - 1?
-4405
In base 5, what is 2 + -1414?
-1412
In base 15, what is 34 + -22?
12
In base 10, what is -13 - -267?
254
In base 8, what is 7120 + 10?
7130
In base 15, what is 26 - -7?
2d
In base 8, what is -424 - 0?
-424
In base 16, what is -68 + -4?
-6c
In base 6, what is -3 - 55?
-102
In base 8, what is 2 - -325?
327
In base 8, what is -105 - 27?
-134
In base 11, what is 12aa + 4?
1303
In base 9, what is -3058 - 5?
-3064
In base 12, what is 3 - 111b?
-1118
In base 10, what is -56 - 0?
-56
In base 10, what is 198 + 1?
199
In base 15, what is 3eb + -2?
3e9
In base 16, what is a7 - 9?
9e
In base 14, what is ca - -5?
d1
In base 13, what is -5 + 146b?
1466
In base 14, what is 2d01 - 2?
2cdd
In base 5, what is -3004 - 32?
-3041
In base 7, what is 1102 + 0?
1102
In base 3, what is -2110 - 20?
-2200
In base 2, what is -1000100110 + 100?
-1000100010
In base 8, what is -13 - 4503?
-4516
In base 12, what is -a - 26?
-34
In base 10, what is 5 - -147?
152
In base 16, what is 33 - 7c?
-49
In base 3, what is 12 - -211102?
211121
In base 2, what is -11010000111 + -1000?
-11010001111
In base 4, what is 1203 + 1?
1210
In base 2, what is -1001000010 + -11?
-1001000101
In base 16, what is 1 - 5dc?
-5db
In base 9, what is 52 - 15?
36
In base 16, what is 1 - 327?
-326
In base 7, what is -3 - -15?
12
In base 3, what is 1100 + -22211?
-21111
In base 4, what is -3032202 + -2?
-3032210
In base 8, what is -4 + 45?
41
In base 15, what is -2552 - 5?
-2557
In base 14, what is 4 - -143?
147
In base 9, what is 5 + 255?
261
In base 12, what is 147 - 26?
121
In base 7, what is 3 + 212?
215
In base 14, what is 5 + -37?
-32
In base 2, what is 10 + -1010?
-1000
In base 13, what is -5 - 79?
-81
In base 2, what is 10111001101 + -1?
10111001100
In base 3, what is 11122 - -220?
12112
In base 16, what is -11 + 1be?
1ad
In base 12, what is 9 - 8?
1
In base 15, what is 1ab + -4?
1a7
In base 15, what is -4a - -2?
-48
In base 6, what is -23 + -22?
-45
In base 5, what is -14 + 2142?
2123
In base 8, what is 670 + -5?
663
In base 8, what is -5 - 233?
-240
In base 16, what is -23 + 8?
-1b
In base 12, what is -65b + 0?
-65b
In base 11, what is 7 - 98?
-91
In base 12, what is 12a2 + -2?
12a0
In base 12, what is 561 + 4?
565
In base 7, what is 53 + 24?
110
In base 11, what is -5 - 4a1?
-4a6
In base 4, what is -1 - -23313?
23312
In base 3, what is -1 - 200102?
-200110
In base 3, what is -11 - 1002?
-1020
In base 2, what is 1 + -100001?
-100000
In base 8, what is 3 + 0?
3
In base 7, what is 5 + -30?
-22
In base 13, what is -122 - -1?
-121
In base 6, what is 3 + 5341?
5344
In base 11, what is 2 + -50?
-49
In base 2, what is -11011010 - -1?
-11011001
In base 13, what is -4b - -6?
-45
In base 16, what is 0 + 61?
61
In base 9, what is -3 - -702?
688
In base 15, what is 2 - 14?
-12
In base 4, what is -210 + 11?
-133
In base 13, what is 7 + -b8?
-b1
In base 8, what is 20 + -131?
-111
In base 4, what is -13110020 - -3?
-13110011
In base 8, what is 0 - -554?
554
In base 2, what is 1 - -10000?
10001
In base 5, what is 20 + 1201?
1221
In base 3, what is 110 - -1112?
1222